 of 882 and 1978281.
9
Calculate the greatest common factor of 3716 and 196019.
929
What is the highest common divisor of 223887005 and 59?
59
What is the highest common divisor of 112678185 and 15?
15
What is the highest common factor of 1275636 and 492?
12
What is the highest common factor of 5136 and 12067032?
2568
What is the highest common factor of 4760566 and 1590?
106
Calculate the highest common factor of 1027151 and 17661.
29
What is the greatest common factor of 4240 and 1979868?
212
Calculate the highest common divisor of 11346728 and 736.
184
What is the greatest common factor of 2509596 and 765598?
2446
Calculate the highest common divisor of 18 and 5735670.
6
What is the greatest common divisor of 82802 and 7155836?
4358
What is the highest common factor of 99953197 and 919?
919
Calculate the highest common divisor of 46401204 and 48.
12
Calculate the highest common factor of 6356336 and 55216.
3248
What is the highest common factor of 38 and 180066?
2
What is the highest common divisor of 42 and 19840596?
6
What is the greatest common divisor of 4087 and 342973?
67
Calculate the greatest common divisor of 109522458 and 92.
46
Calculate the greatest common factor of 7772720 and 376.
8
Calculate the greatest common divisor of 104 and 7481336.
8
Calculate the highest common divisor of 353796755 and 5.
5
What is the highest common factor of 54624407 and 3387?
1129
Calculate the greatest common factor of 2719 and 1954876711.
2719
Calculate the greatest common divisor of 5715 and 230666544.
1143
What is the greatest common factor of 166691 and 22183?
7
Calculate the highest common factor of 60 and 34660.
20
What is the highest common divisor of 163371 and 19500?
39
Calculate the highest common divisor of 190 and 8032070.
10
Calculate the highest common divisor of 40438515 and 39.
39
What is the greatest common factor of 237506 and 89264?
1594
Calculate the highest common divisor of 17832129 and 11515.
2303
Calculate the highest common divisor of 665 and 2103205.
95
What is the greatest common factor of 49166 and 2559453?
403
What is the greatest common divisor of 8 and 546592484?
4
What is the highest common divisor of 4087654 and 229494?
3326
Calculate the greatest common divisor of 127 and 3319192371.
127
What is the greatest common divisor of 606 and 242526?
6
Calculate the greatest common divisor of 192071620 and 5980.
5980
Calculate the highest common divisor of 72074799 and 216.
27
What is the highest common divisor of 21661145 and 5610?
935
What is the highest common divisor of 11754909 and 3174?
1587
Calculate the highest common divisor of 2450 and 5902960.
70
What is the greatest common factor of 83635937 and 22253?
1309
Calculate the highest common factor of 59856 and 3048132.
348
Calculate the highest common divisor of 38351158 and 18.
2
Calculate the greatest common divisor of 236358 and 7260.
6
Calculate the greatest common factor of 44891 and 13568.
53
What is the highest common factor of 1198 and 3484?
2
Calculate the highest common divisor of 284 and 983989.
71
What is the highest common factor of 1529116 and 6047308?
7684
Calculate the greatest common divisor of 558172810 and 260.
130
What is the highest common divisor of 2 and 255133?
1
Calculate the highest common factor of 15030 and 1932390.
90
Calculate the greatest common factor of 5440629 and 140577.
2991
Calculate the highest common divisor of 44931904 and 2.
2
What is the greatest common divisor of 1172493 and 222?
111
What is the highest common divisor of 3081 and 20654313?
237
What is the highest common divisor of 3311 and 41426?
77
Calculate the greatest common factor of 357658240 and 1088.
1088
What is the greatest common factor of 666250 and 168750?
1250
Calculate the highest common factor of 70000 and 147700.
700
What is the highest common divisor of 3410 and 14625490?
3410
What is the greatest common factor of 1579 and 529?
1
What is the highest common divisor of 441515 and 56405?
1945
Calculate the greatest common divisor of 600 and 205786920.
120
What is the highest common divisor of 2405183 and 4059?
451
Calculate the highest common divisor of 655 and 44722352.
131
What is the greatest common divisor of 488 and 239519550?
122
What is the greatest common factor of 215808 and 1060608?
768
What is the greatest common divisor of 45 and 13625730?
45
What is the greatest common divisor of 11088243 and 762?
381
Calculate the greatest common factor of 324938 and 1178.
38
Calculate the highest common factor of 22844652 and 26333.
1549
Calculate the greatest common factor of 3538808 and 184.
8
What is the highest common divisor of 1131 and 198335930?
377
What is the greatest common divisor of 2124137 and 1055?
211
What is the greatest common factor of 3468 and 367062?
6
Calculate the highest common divisor of 8639650 and 28810.
670
Calculate the greatest common divisor of 127 and 29149.
1
Calculate the highest common factor of 1484 and 4545374764.
1484
What is the greatest common divisor of 685 and 326255?
5
Calculate the greatest common factor of 366 and 385998.
6
What is the greatest common factor of 92736 and 1286229?
483
What is the highest common divisor of 275 and 214346575?
25
Calculate the highest common divisor of 1051250 and 38686.
1682
What is the highest common divisor of 269838 and 5061961?
4997
What is the greatest common factor of 38036 and 288156?
148
Calculate the greatest common divisor of 225 and 58382055.
45
Calculate the greatest common factor of 3464934 and 4136.
1034
Calculate the highest common factor of 17418465 and 99.
9
Calculate the highest common factor of 12840 and 38735070.
3210
What is the greatest common divisor of 73260158 and 934?
934
What is the highest common divisor of 657 and 3291716?
73
Calculate the highest common divisor of 7 and 62247157.
7
What is the greatest common factor of 8179129 and 10437?
3479
Calculate the highest common factor of 368 and 669456.
16
Calculate the greatest common divisor of 6798 and 9274738.
2266
What is the highest common divisor of 27514503 and 8541?
657
Calculate the highest common factor of 574554708 and 2106.
2106
Calculate the greatest common divisor of 715 and 46479095.
65
Calculate the greatest common factor of 43457364 and 594.
54
What is the greatest common divisor of 679458800 and 400?
400
Calculate the highest common factor of 20 and 276523580.
20
Calculate the highest common factor of 712967869 and 4163.
4163
What is the highest common divisor of 860864 and 144?
16
Calculate the highest common divisor of 49119605 and 71921.
1219
What is the highest common factor of 513916032 and 252?
84
Calculate the greatest common factor of 179901399 and 123.
123
Calculate the highest common divisor of 4642758 and 932.
466
Calculate the highest common divisor of 25481375 and 4750.
2375
What is the greatest common factor of 6050394 and 147?
21
What is the highest common divisor of 12499 and 30663495?
431
Calculate the greatest common divisor of 714 and 66239754.
42
Calculate the greatest common divisor of 2480 and 11675344.
496
What is the highest common factor of 17 and 18021241?
17
What is the highest common divisor of 3502928 and 440?
88
What is the greatest common divisor of 44 and 6499141?
11
Calculate the highest common factor of 222216516 and 36976.
9244
Calculate the highest common factor of 34 and 43772688.
34
What is the highest common divisor of 147610275 and 75?
75
What is the greatest common divisor of 2 and 38255284?
2
Calculate the highest common factor of 1047117204 and 189.
63
Calculate the greatest common divisor of 3976727104 and 628.
628
What is the highest common divisor of 162213 and 220563?
1167
Calculate the highest common factor of 6760 and 165523670.
1690
What is the greatest common factor of 19882075 and 17100?
475
Calculate the highest common divisor of 6958 and 2311050.
994
Calculate the greatest common divisor of 1652 and 439131.
7
Calculate the highest common factor of 198 and 926577234.
198
Calculate the greatest common divisor of 7884 and 6918.
6
What is the greatest common factor of 8 and 5840582?
2
Calculate the highest common divisor of 740 and 508425140.
740
What is the greatest common factor of 46 and 229600697?
23
What is the greatest common factor of 